{"id":256,"date":"2018-05-25T11:19:54","date_gmt":"2018-05-25T11:19:54","guid":{"rendered":"https:\/\/schlossgreifenburg.at\/?page_id=256"},"modified":"2026-04-15T06:24:02","modified_gmt":"2026-04-15T06:24:02","slug":"kalender-2","status":"publish","type":"page","link":"https:\/\/schlossgreifenburg.at\/index.php\/kalender-2\/","title":{"rendered":"Kalender"},"content":{"rendered":"<h1><span style=\"color: #800000;\">2026<\/span><\/h1>\n<p><strong>APRIL<br \/><\/strong>Do 9. April Wirtschaftskammer K\u00e4rnten WKK Ehrungen<\/p>\n<p><strong>MAI<br \/><\/strong>Fr 1. Mai \u00d6sterr. Brillenschafzucht Tag<br \/>Do 7. Mai private Schlossf\u00fchrung und Umtrunk Gemeinde Greifenburg &amp; Schiffweiler<br \/>Sa 23. Mai Zinzengrinsen \u2013 DAS Stra\u00dfenfest in Graz<br \/>Sa 30. Mai Hochzeit A&amp;J\u00a0\u00a0<\/p>\n<p><strong>JUNI<\/strong><br \/>Sa 6. Juni\u00a0Hochzeit Ch&amp;A<br \/>Do 18. Juni private Schlossf\u00fchrung und Umtrunk PV<br \/>Sa 20. Juni Hochzeit M&amp;M<\/p>\n<p><strong>JULI<br \/><\/strong>Sa 11. Juli Hochzeit N&amp;A<br \/>Sa 18. Juli Sommer. BALL. Jagd &amp; Tracht!<\/p>\n<p><strong>AUGUST<br \/><\/strong>Sa 29. August Trauung St&amp;A<\/p>\n<p><strong>SEPTEMBER<br \/><\/strong>Sa 12. September Hochzeit S&amp;K<strong><br \/><\/strong>Sa 19. September Hochzeit I&amp;L<br \/>Do 24.09. \u2013 So 27. September SchlossSpiele. Theater &amp; mehr\u00a0\u00a0\u00a0 **860 Jahre Schloss Greifenburg**<\/p>\n<p><strong>OKTOBER<br \/><\/strong>Do 01.10. \u2013 So 04. Oktober SchlossSpiele. Theater &amp; mehr\u00a0\u00a0 **860 Jahre Schloss Greifenburg**<br \/>Mi 14.10. \u2013 Sa 17. Oktober TeamBuilding Ortner Reinraumtechnik GmbH<br \/>Di 27. Oktober \u2013 Do 29. Oktober Klang.w\u00f6lkchen \u2013 Musikworkshop f\u00fcr Kinder (6-13 Jahre)<br \/>Do 29. Oktober Abschlusskonzert (Einlass ab 17:00, Beginn 18:00)<\/p>\n<p><strong>NOVEMBER<\/strong><br \/>Fr 20. November Krampusumzug am Schlossplatz<br \/>So 29. November Greifenburger Adventfenster<\/p>\n<h1><span style=\"color: #800000;\">2027<\/span><\/h1>\n<p><strong>MAI<br \/><\/strong>Sa 1. Mai Hochzeit I&amp;D<br \/>Sa 22. Mai Zinzengrinsen \u2013 DAS Stra\u00dfenfest in Graz<br \/><br \/><\/p>\n<p><strong>JUNI<br \/><\/strong>Sa 5. Juni Rotary Club Dinner Event<br \/>Do 10. \u2013 13.Juni Hochzeit &amp; Holidays K&amp;S<br \/>Feierlichkeiten Kiwanis Club Spittal<\/p>\n<p><strong>JULI<\/strong><strong><br \/><\/strong>Sa 10. Juli Geburtstagsfest<br \/>Sa 17. Juli Hochzeit K&amp;M<\/p>\n<h1><span style=\"color: #993300;\">2028<\/span><\/h1>\n<p><strong>APRIL<br \/><\/strong>Sa 08. April Geburtstagsparty 50er M.A.<\/p>\n<p><strong>JUNI<br \/><\/strong>Sa 3. Juni Geburtstagsparty 60+60=120<\/p>\n<pre class=\"moz-quote-pre\">\u00a0<\/pre>\n<p>&nbsp;<\/p>\n\n\n<p><\/p>\n\n\n\n<p><\/p>\n","protected":false},"excerpt":{"rendered":"<p>2026 APRILDo 9. April Wirtschaftskammer K\u00e4rnten WKK Ehrungen MAIFr 1. Mai \u00d6sterr. Brillenschafzucht TagDo 7. Mai private Schlossf\u00fchrung und Umtrunk Gemeinde Greifenburg &amp; SchiffweilerSa 23. Mai Zinzengrinsen \u2013 DAS Stra\u00dfenfest in GrazSa 30. Mai Hochzeit A&amp;J\u00a0\u00a0 JUNISa 6. Juni\u00a0Hochzeit Ch&amp;ADo 18. Juni private Schlossf\u00fchrung und Umtrunk PVSa 20. Juni Hochzeit M&amp;M JULISa 11. Juli Hochzeit &hellip; <a href=\"https:\/\/schlossgreifenburg.at\/index.php\/kalender-2\/\" class=\"more-link\">Continue reading<span class=\"screen-reader-text\"> &#8222;Kalender&#8220;<\/span><\/a><\/p>\n","protected":false},"author":1,"featured_media":0,"parent":0,"menu_order":0,"comment_status":"closed","ping_status":"closed","template":"","meta":{"footnotes":""},"class_list":["post-256","page","type-page","status-publish","hentry"],"_links":{"self":[{"href":"https:\/\/schlossgreifenburg.at\/index.php\/wp-json\/wp\/v2\/pages\/256","targetHints":{"allow":["GET"]}}],"collection":[{"href":"https:\/\/schlossgreifenburg.at\/index.php\/wp-json\/wp\/v2\/pages"}],"about":[{"href":"https:\/\/schlossgreifenburg.at\/index.php\/wp-json\/wp\/v2\/types\/page"}],"author":[{"embeddable":true,"href":"https:\/\/schlossgreifenburg.at\/index.php\/wp-json\/wp\/v2\/users\/1"}],"replies":[{"embeddable":true,"href":"https:\/\/schlossgreifenburg.at\/index.php\/wp-json\/wp\/v2\/comments?post=256"}],"version-history":[{"count":211,"href":"https:\/\/schlossgreifenburg.at\/index.php\/wp-json\/wp\/v2\/pages\/256\/revisions"}],"predecessor-version":[{"id":1198,"href":"https:\/\/schlossgreifenburg.at\/index.php\/wp-json\/wp\/v2\/pages\/256\/revisions\/1198"}],"wp:attachment":[{"href":"https:\/\/schlossgreifenburg.at\/index.php\/wp-json\/wp\/v2\/media?parent=256"}],"curies":[{"name":"wp","href":"https:\/\/api.w.org\/{rel}","templated":true}]}}